 divide 41688?
True
Is 12 a factor of 127356?
True
Is 6 a factor of 494?
False
Is 2400 a multiple of 9?
False
Is 6 a factor of 540?
True
Is 30 a factor of 120?
True
Is 2832 a multiple of 8?
True
Is 2052 a multiple of 19?
True
Is 539 a multiple of 49?
True
Is 18 a factor of 2560?
False
Is 83 a factor of 20537?
False
Is 424 a factor of 126352?
True
Does 14 divide 3472?
True
Is 8 a factor of 3152?
True
Is 1656 a multiple of 6?
True
Does 12 divide 41268?
True
Is 23592 a multiple of 196?
False
Does 93 divide 4650?
True
Is 3 a factor of 1966?
False
Is 6063 a multiple of 62?
False
Is 8 a factor of 24640?
True
Does 82 divide 33016?
False
Is 4 a factor of 81?
False
Is 15 a factor of 613?
False
Does 215 divide 41925?
True
Is 18 a factor of 522?
True
Is 392 a multiple of 49?
True
Is 29760 a multiple of 10?
True
Is 7290 a multiple of 4?
False
Is 2319 a multiple of 11?
False
Is 40 a factor of 842?
False
Is 675 a multiple of 5?
True
Is 55 a factor of 3833?
False
Is 5275 a multiple of 25?
True
Does 81 divide 7290?
True
Is 8 a factor of 3768?
True
Does 14 divide 103335?
False
Is 21275 a multiple of 25?
True
Is 3452 a multiple of 46?
False
Is 54551 a multiple of 268?
False
Is 46 a factor of 598?
True
Is 5 a factor of 140?
True
Is 169 a multiple of 17?
False
Is 4000 a multiple of 55?
False
Does 3 divide 4560?
True
Is 495 a multiple of 32?
False
Does 17 divide 4173?
False
Is 37 a factor of 1533?
False
Is 17 a factor of 1100?
False
Does 24 divide 8640?
True
Is 11 a factor of 37026?
True
Is 288 a multiple of 16?
True
Is 34 a factor of 544?
True
Does 40 divide 1440?
True
Is 254 a factor of 65317?
False
Is 3047 a multiple of 59?
False
Is 64 a factor of 1280?
True
Does 4 divide 5248?
True
Is 17 a factor of 1649?
True
Does 15 divide 5344?
False
Does 7 divide 1393?
True
Is 10098 a multiple of 34?
True
Is 658 a multiple of 12?
False
Does 18 divide 11304?
True
Does 22 divide 5265?
False
Does 43 divide 10016?
False
Is 2351 a multiple of 77?
False
Does 14 divide 1001?
False
Does 5 divide 76?
False
Does 31 divide 570?
False
Is 17181 a multiple of 207?
True
Is 3 a factor of 47?
False
Is 6165 a multiple of 9?
True
Does 164 divide 3549?
False
Is 15 a factor of 63570?
True
Does 26 divide 2366?
True
Does 4 divide 16684?
True
Is 27 a factor of 729?
True
Is 76116 a multiple of 183?
False
Is 165 a multiple of 55?
True
Is 960 a multiple of 67?
False
Does 100 divide 1505?
False
Does 22 divide 81316?
False
Is 4 a factor of 658?
False
Does 66 divide 2046?
True
Is 130 a multiple of 69?
False
Is 297 a multiple of 36?
False
Does 12 divide 1020?
True
Is 35 a factor of 945?
True
Does 6 divide 122?
False
Is 6 a factor of 4596?
True
Is 15546 a multiple of 9?
False
Is 10 a factor of 94730?
True
Is 272 a multiple of 9?
False
Is 7128 a multiple of 3?
True
Is 24 a factor of 19602?
False
Does 145 divide 16675?
True
Is 12 a factor of 792?
True
Does 87 divide 1904?
False
Does 44 divide 689?
False
Does 22 divide 9823?
False
Does 38 divide 111?
False
Does 65 divide 1972?
False
Is 84 a factor of 8098?
False
Is 14 a factor of 3458?
True
Is 135 a factor of 16802?
False
Is 7279 a multiple of 30?
False
Is 9604 a multiple of 98?
True
Does 9 divide 7282?
False
Does 7 divide 875?
True
Does 31 divide 62?
True
Does 3 divide 131?
False
Is 51 a factor of 810?
False
Is 7 a factor of 22093?
False
Does 27 divide 1201?
False
Is 910 a multiple of 14?
True
Is 10 a factor of 3310?
True
Does 5 divide 5335?
True
Is 1170 a multiple of 18?
True
Is 1683 a multiple of 51?
True
Is 1533 a multiple of 73?
True
Is 250 a multiple of 10?
True
Does 33 divide 706?
False
Is 17694 a multiple of 12?
False
Is 86 a factor of 24510?
True
Does 25 divide 17305?
False
Does 13 divide 8632?
True
Is 7257 a multiple of 59?
True
Is 4 a factor of 3222?
False
Is 7 a factor of 1470?
True
Is 12 a factor of 10236?
True
Is 12 a factor of 1152?
True
Does 18 divide 2952?
True
Is 275 a multiple of 24?
False
Is 32832 a multiple of 27?
True
Is 8381 a multiple of 10?
False
Does 23 divide 919?
False
Is 18 a multiple of 7?
False
Is 4932 a multiple of 137?
True
Does 44 divide 876?
False
Does 32 divide 8128?
True
Is 17 a factor of 1785?
True
Does 96 divide 2678?
False
Is 3562 a multiple of 64?
False
Does 52 divide 8284?
False
Is 6000 a multiple of 20?
True
Is 370 a multiple of 8?
False
Is 1314 a multiple of 18?
True
Is 3671 a multiple of 12?
False
Is 3835 a multiple of 134?
False
Is 47 a factor of 976?
False
Does 16 divide 25309?
False
Is 17 a factor of 198?
False
Is 4 a factor of 101?
False
Is 48 a factor of 49200?
True
Is 18 a factor of 918?
True
Is 1611 a multiple of 9?
True
Does 9 divide 73?
False
Does 7 divide 8622?
False
Is 5940 a multiple of 297?
True
Does 11 divide 4686?
True
Does 7 divide 2925?
False
Is 48 a factor of 20400?
True
Is 232 a multiple of 15?
False
Does 12 divide 2544?
True
Does 2 divide 6357?
False
Does 108 divide 4847?
False
Is 81427 a multiple of 141?
False
Is 17 a factor of 838?
False
Is 11 a factor of 1914?
True
Is 3843 a multiple of 6?
False
Does 4 divide 1184?
True
Is 1212 a multiple of 51?
False
Is 8 a factor of 568?
True
Does 8 divide 283?
False
Does 23 divide 1103?
False
Is 1635 a multiple of 15?
True
Is 110911 a multiple of 118?
False
Does 2 divide 628?
True
Is 122 a factor of 135073?
False
Is 9212 a multiple of 28?
True
Is 512 a multiple of 16?
True
Is 5075 a multiple of 35?
True
Does 44 divide 29856?
False
Is 17 a factor of 595?
True
Does 12 divide 72?
True
Does 44 divide 68629?
False
Is 723 a multiple of 3?
True
Is 4096 a multiple of 16?
True
Is 555 a multiple of 31?
False
Is 48 a factor of 6245?
False
Is 4 a factor of 27263?
False
Does 106 divide 7102?
True
Does 184 divide 14665?
False
Does 134 divide 1340?
True
Is 13 a factor of 58188?
True
Does 3 divide 1980?
True
Is 1058 a multiple of 23?
True
Does 79 divide 1343?
True
Is 93 a multiple of 3?
True
Is 7268 a multiple of 158?
True
Does 9 divide 432?
True
Does 103 divide 2651?
False
Is 288 a multiple of 37?
False
Is 11 a factor of 73095?
True
Does 128 divide 47488?
True
Is 18 a factor of 7851?
False
Is 23 a factor of 5336?
True
Does 42 divide 3699?
False
Is 115 a multiple of 2?
False
Is 4019 a multiple of 11?
False
Is 38233 a multiple of 105?
False
Is 9205 a multiple of 45?
False
Is 303 a factor of 75144?
True
Is 21 a factor of 3675?
True
Is 28152 a multiple of 18?
True
Is 9 a factor of 1827?
True
Is 89620 a multiple of 121?
False
Is 3874 a multiple of 91?
False
Is 129 a multiple of 5?
False
Is 32 a factor of 64352?
True
Is 542 a multiple of 27?
False
Does 40 divide 1172?
False
Does 17 divide 34?
True
Is 33 a multiple of 33?
True
Is 21 a factor of 18624?
False
Is 14 a factor of 973?
False
Does 257 divide 25049?
False
Is 14 a factor of 1367?
False
Is 2235 a multiple of 5?
True
Is 170 a factor of 12920?
True
Is 1172 a multiple of 49?
False
Is 148 a factor of 1036?
True
Does 17 divide 332?
False
Is 4292 a multiple of 58?
True
Is 11 a factor of 29711?
True
Is 23037 a multiple of 146?
False
Is 198 a multiple of 33?
True
Is 1893 a multiple of 19?
False
Is 6887 a multiple of 82?
False
Does 14 divide 7387?
False
Does 22 divide 33770?
True
Is 13 a factor of 52?
True
Is 24 a factor of 1088?
False
Is 79 a factor of 3792?
True
Is 51114 a multiple of 21?
True
Is 64 a factor of 40384?
True
Is 43320 a multiple of 26?
False
Is 86 a factor of 23220?
True
Is 20 a factor of 4508?
False
Is 1961 a multiple of 37?
True
Is 2 a factor of 171?
False
Does 4 divide 736?
True
Is 12780 a multiple of 90?
True
Does 6 divide 1044?
True
Is 480 a multiple of 4?
True
Is 102 a multiple of 51?
True
Is 10 a factor of 421?
False
Is 49 a factor of 622?
False
Is 13941 a multiple of 50?
False
Is 848 a multiple of 13?
False
Does 18 divide 2988?
True
Is 33441 a multiple of 69?
False
Does 47 divide 106?
False
Is 40 a factor of 19520?
True
Is 3584 a multiple of 42?
False
Is 273 a factor of 36697?
False
Is 27 a factor of 3618?
True
Is 59 a factor of 8113?
False
Does 14 divide 8342?
False
Is 1331 a multiple of 121?
True
Does 30 divide 9270?
True
Does 34 divide 578?
True
Does 188 divide 33384?
False
Is 60 a factor of 16140?
True
Does 12 divide 708?
True
Is 81 a factor of 1283?
False
Is 45 a factor of 5669?
False
Does 13 divide 26642?
False
Is 136 a multiple of 68?
True
Does 43 divide 207?
False
Is 141 a factor of 9553?
Fa